553301 is divided by 177306.
7
Calculate the remainder when 1869638 is divided by 5136.
134
Calculate the remainder when 15001728 is divided by 937606.
32
Calculate the remainder when 16185340 is divided by 38.
0
Calculate the remainder when 631722 is divided by 70113.
705
What is the remainder when 38316 is divided by 4219?
345
What is the remainder when 1342959 is divided by 671458?
43
Calculate the remainder when 756701 is divided by 27005.
561
Calculate the remainder when 215670 is divided by 215651.
19
What is the remainder when 111088178 is divided by 55544084?
10
What is the remainder when 69602279 is divided by 12?
11
Calculate the remainder when 19482483 is divided by 19.
16
Calculate the remainder when 1846803 is divided by 260.
23
What is the remainder when 2751235 is divided by 92?
67
Calculate the remainder when 327424 is divided by 114.
16
Calculate the remainder when 177682837 is divided by 35536564.
17
What is the remainder when 35407449 is divided by 5?
4
Calculate the remainder when 1504264 is divided by 1002.
262
Calculate the remainder when 5460603 is divided by 955.
868
Calculate the remainder when 104860 is divided by 20965.
35
Calculate the remainder when 8770988 is divided by 196.
184
What is the remainder when 3287527 is divided by 821880?
7
What is the remainder when 321502709 is divided by 53?
45
What is the remainder when 32367997 is divided by 25?
22
Calculate the remainder when 850097 is divided by 156.
53
Calculate the remainder when 1090714 is divided by 34.
28
What is the remainder when 5424026 is divided by 387428?
34
What is the remainder when 4097627 is divided by 1024405?
7
What is the remainder when 7892099 is divided by 1578417?
14
Calculate the remainder when 133861 is divided by 19033.
630
Calculate the remainder when 39873 is divided by 1492.
1081
Calculate the remainder when 1606886 is divided by 1606768.
118
What is the remainder when 7309 is divided by 997?
330
Calculate the remainder when 1289802 is divided by 2462.
2176
Calculate the remainder when 71337 is divided by 62667.
8670
What is the remainder when 721869 is divided by 11458?
15
Calculate the remainder when 1285225 is divided by 952.
25
Calculate the remainder when 423238 is divided by 49.
25
What is the remainder when 7784834 is divided by 9301?
9198
Calculate the remainder when 403452 is divided by 100851.
48
What is the remainder when 9371112 is divided by 523?
521
What is the remainder when 5385267 is divided by 41?
40
Calculate the remainder when 2525430 is divided by 1262494.
442
What is the remainder when 4135 is divided by 3646?
489
What is the remainder when 103234 is divided by 17113?
556
Calculate the remainder when 717130 is divided by 3760.
2730
Calculate the remainder when 62880401 is divided by 83.
16
What is the remainder when 6174164 is divided by 6748?
6492
What is the remainder when 99533 is divided by 8238?
677
What is the remainder when 63675 is divided by 63577?
98
Calculate the remainder when 5566325 is divided by 10308.
5
What is the remainder when 66015583 is divided by 2750649?
7
Calculate the remainder when 84190 is divided by 110.
40
Calculate the remainder when 8059585 is divided by 2369.
247
What is the remainder when 87239224 is divided by 5494?
5492
Calculate the remainder when 6498 is divided by 754.
466
What is the remainder when 1265208 is divided by 158151?
0
Calculate the remainder when 122591 is divided by 355.
116
What is the remainder when 7317525 is divided by 348445?
180
What is the remainder when 90299 is divided by 3817?
2508
What is the remainder when 266717 is divided by 29013?
5600
What is the remainder when 37647610 is divided by 2154?
2152
Calculate the remainder when 1066893 is divided by 79.
77
What is the remainder when 53741 is divided by 4033?
1312
Calculate the remainder when 2555698 is divided by 533.
496
What is the remainder when 5705209 is divided by 118?
27
Calculate the remainder when 8313689 is divided by 4156823.
43
What is the remainder when 140637 is divided by 8424?
5853
Calculate the remainder when 1742630 is divided by 163.
160
Calculate the remainder when 4034462 is divided by 1519.
1517
What is the remainder when 3160601 is divided by 88?
81
Calculate the remainder when 13837896 is divided by 384386.
0
What is the remainder when 193293 is divided by 192864?
429
Calculate the remainder when 17074 is divided by 14810.
2264
What is the remainder when 48111 is divided by 2106?
1779
What is the remainder when 156927 is divided by 1708?
1499
Calculate the remainder when 479877 is divided by 119962.
29
Calculate the remainder when 22386 is divided by 196.
42
Calculate the remainder when 15168 is divided by 493.
378
What is the remainder when 1641544 is divided by 467?
39
What is the remainder when 2413313 is divided by 554?
89
What is the remainder when 17906 is divided by 5875?
281
Calculate the remainder when 2663586 is divided by 43.
37
Calculate the remainder when 6851341 is divided by 1291.
4
Calculate the remainder when 12457640 is divided by 67.
62
What is the remainder when 1495086 is divided by 1559?
5
Calculate the remainder when 3345554 is divided by 138.
20
What is the remainder when 718447 is divided by 84?
79
What is the remainder when 123293 is divided by 61?
12
Calculate the remainder when 93373465 is divided by 30.
25
Calculate the remainder when 6499440 is divided by 1624859.
4
Calculate the remainder when 1181755 is divided by 4965.
85
What is the remainder when 29577 is divided by 13?
2
What is the remainder when 18734167 is divided by 6244712?
31
Calculate the remainder when 116466889 is divided by 14.
7
Calculate the remainder when 421083 is divided by 4576.
91
What is the remainder when 25040141 is divided by 170?
161
Calculate the remainder when 311120938 is divided by 17.
11
Calculate the remainder when 4851814 is divided by 61.
57
What is the remainder when 21754717 is divided by 1868?
1857
Calculate the remainder when 1313471 is divided by 5.
1
What is the remainder when 1128519 is divided by 26?
15
Calculate the remainder when 47836 is divided by 23831.
174
Calculate the remainder when 512867 is divided by 102554.
97
Calculate the remainder when 84268798 is divided by 192.
190
Calculate the remainder when 8901 is divided by 402.
57
What is the remainder when 200992 is divided by 18199?
803
What is the remainder when 259255 is divided by 70?
45
What is the remainder when 67805 is divided by 2149?
1186
What is the remainder when 924575 is divided by 231067?
307
Calculate the remainder when 125920 is divided by 8522.
6612
Calculate the remainder when 510617275 is divided by 169.
168
Calculate the remainder when 98258 is divided by 847.
6
Calculate the remainder when 154591 is divided by 29785.
5666
Calculate the remainder when 111290758 is divided by 34.
20
What is the remainder when 116067 is divided by 10?
7
Calculate the remainder when 68879 is divided by 602.
251
What is the remainder when 204099801 is divided by 18?
15
What is the remainder when 14281455 is divided by 4?
3
Calculate the remainder when 160537944 is divided by 233.
12
What is the remainder when 80654 is divided by 20075?
354
What is the remainder when 2915656 is divided by 242970?
16
What is the remainder when 2240137 is divided by 1120040?
57
Calculate the remainder when 6377979 is divided by 47.
32
Calculate the remainder when 195816 is divided by 1553.
138
Calculate the remainder when 82979 is divided by 375.
104
Calculate the remainder when 1592125 is divided by 1053.
1042
What is the remainder when 100951 is divided by 100946?
5
What is the remainder when 1190330 is divided by 65?
50
Calculate the remainder when 5155355 is divided by 1718373.
236
What is the remainder when 14766 is divided by 250?
16
What is the remainder when 4156 is divided by 3428?
728
What is the remainder when 650302 is divided by 14?
2
What is the remainder when 11746 is divided by 3843?
217
Calculate the remainder when 3764162 is divided by 53.
49
Calculate the remainder when 2782963 is divided by 27019.
6
What is the remainder when 2861206 is divided by 124400?
6
Calculate the remainder when 15132655 is divided by 1988.
1987
Calculate the remainder when 28187 is divided by 4685.
77
What is the remai